{"id":3444,"date":"2023-02-26T23:05:09","date_gmt":"2023-02-26T22:05:09","guid":{"rendered":"https:\/\/jj-remont.pl\/?page_id=3444"},"modified":"2023-02-26T23:09:26","modified_gmt":"2023-02-26T22:09:26","slug":"lazienki","status":"publish","type":"page","link":"https:\/\/jj-remont.pl\/index.php\/lazienki\/","title":{"rendered":"\u0141azienki"},"content":{"rendered":"\t\t<div data-elementor-type=\"wp-page\" data-elementor-id=\"3444\" class=\"elementor elementor-3444\" data-elementor-post-type=\"page\">\n\t\t\t\t\t\t\t\t\t<section data-particle_enable=\"false\" data-particle-mobile-disabled=\"false\" class=\"elementor-section elementor-top-section elementor-element elementor-element-66fd7111 elementor-section-boxed elementor-section-height-default elementor-section-height-default\" data-id=\"66fd7111\" data-element_type=\"section\">\n\t\t\t\t\t\t<div class=\"elementor-container elementor-column-gap-default\">\n\t\t\t\t\t<div class=\"elementor-column elementor-col-100 elementor-top-column elementor-element elementor-element-39b9d9df\" data-id=\"39b9d9df\" data-element_type=\"column\">\n\t\t\t<div class=\"elementor-widget-wrap elementor-element-populated\">\n\t\t\t\t\t\t\t\t<div class=\"elementor-element elementor-element-5bbc8a64 elementor-widget elementor-widget-heading\" data-id=\"5bbc8a64\" data-element_type=\"widget\" data-widget_type=\"heading.default\">\n\t\t\t\t<div class=\"elementor-widget-container\">\n\t\t\t<h2 class=\"elementor-heading-title elementor-size-default\">\u0141azienki<\/h2>\t\t<\/div>\n\t\t\t\t<\/div>\n\t\t\t\t<div class=\"elementor-element elementor-element-8ac4443 elementor-align-right elementor-fixed elementor-widget elementor-widget-button\" data-id=\"8ac4443\" data-element_type=\"widget\" data-settings=\"{&quot;_position&quot;:&quot;fixed&quot;,&quot;motion_fx_motion_fx_scrolling&quot;:&quot;yes&quot;,&quot;motion_fx_opacity_effect&quot;:&quot;yes&quot;,&quot;motion_fx_opacity_range&quot;:{&quot;unit&quot;:&quot;%&quot;,&quot;size&quot;:&quot;&quot;,&quot;sizes&quot;:{&quot;start&quot;:10,&quot;end&quot;:49}},&quot;motion_fx_opacity_direction&quot;:&quot;out-in&quot;,&quot;motion_fx_opacity_level&quot;:{&quot;unit&quot;:&quot;px&quot;,&quot;size&quot;:10,&quot;sizes&quot;:[]},&quot;motion_fx_devices&quot;:[&quot;desktop&quot;,&quot;tablet&quot;,&quot;mobile&quot;]}\" data-widget_type=\"button.default\">\n\t\t\t\t<div class=\"elementor-widget-container\">\n\t\t\t\t\t<div class=\"elementor-button-wrapper\">\n\t\t\t<a class=\"elementor-button elementor-button-link elementor-size-xs\" href=\"#top\">\n\t\t\t\t\t\t<span class=\"elementor-button-content-wrapper\">\n\t\t\t\t\t\t<span class=\"elementor-button-icon elementor-align-icon-left\">\n\t\t\t\t<i aria-hidden=\"true\" class=\"fas fa-caret-up\"><\/i>\t\t\t<\/span>\n\t\t\t\t\t\t<span class=\"elementor-button-text\"><\/span>\n\t\t<\/span>\n\t\t\t\t\t<\/a>\n\t\t<\/div>\n\t\t\t\t<\/div>\n\t\t\t\t<\/div>\n\t\t\t\t<div class=\"elementor-element elementor-element-1f2fcd43 elementor-widget-divider--view-line_icon elementor-view-default elementor-widget-divider--element-align-center elementor-widget elementor-widget-divider\" data-id=\"1f2fcd43\" data-element_type=\"widget\" data-widget_type=\"divider.default\">\n\t\t\t\t<div class=\"elementor-widget-container\">\n\t\t\t\t\t<div class=\"elementor-divider\">\n\t\t\t<span class=\"elementor-divider-separator\">\n\t\t\t\t\t\t\t<div class=\"elementor-icon elementor-divider__element\">\n\t\t\t\t\t<i aria-hidden=\"true\" class=\"fas fa-square-full\"><\/i><\/div>\n\t\t\t\t\t\t<\/span>\n\t\t<\/div>\n\t\t\t\t<\/div>\n\t\t\t\t<\/div>\n\t\t\t\t\t<\/div>\n\t\t<\/div>\n\t\t\t\t\t\t\t<\/div>\n\t\t<\/section>\n\t\t\t\t<section data-particle_enable=\"false\" data-particle-mobile-disabled=\"false\" class=\"elementor-section elementor-top-section elementor-element elementor-element-546681c3 elementor-section-boxed elementor-section-height-default elementor-section-height-default\" data-id=\"546681c3\" data-element_type=\"section\">\n\t\t\t\t\t\t<div class=\"elementor-container elementor-column-gap-default\">\n\t\t\t\t\t<div class=\"elementor-column elementor-col-100 elementor-top-column elementor-element elementor-element-1d5c2870\" data-id=\"1d5c2870\" data-element_type=\"column\">\n\t\t\t<div class=\"elementor-widget-wrap elementor-element-populated\">\n\t\t\t\t\t\t\t\t<div class=\"elementor-element elementor-element-195c728 elementor-widget elementor-widget-text-editor\" data-id=\"195c728\" data-element_type=\"widget\" data-widget_type=\"text-editor.default\">\n\t\t\t\t<div class=\"elementor-widget-container\">\n\t\t\t\t\t\t\t<p><img decoding=\"async\" loading=\"lazy\" class=\"wp-image-3278 size-medium alignleft\" src=\"https:\/\/jj-remont.pl\/wp-content\/uploads\/2022\/09\/jj-remont_03-225x300.jpeg\" alt=\"\" width=\"225\" height=\"300\" srcset=\"https:\/\/jj-remont.pl\/wp-content\/uploads\/2022\/09\/jj-remont_03-225x300.jpeg 225w, https:\/\/jj-remont.pl\/wp-content\/uploads\/2022\/09\/jj-remont_03.jpeg 540w\" sizes=\"(max-width: 225px) 100vw, 225px\" \/><\/p><p>Czy wiedzia\u0142e\u015b, \u017ce:<br \/>&#8211; zaprojektowanie \u0142azienki, to nie tylko mo\u017cliwo\u015b\u0107 zobaczenia jej w nowej szacie, ale przede<br \/>wszystkim unikni\u0119cia wielu problem\u00f3w;- \u017caden architekt wn\u0119trz nie podejmie si\u0119 pracy nad projektem bez dobrze zwymiarowanego<br \/>pomieszczenia, co wi\u0105\u017ce si\u0119 nie tylko z kupnem odpowiedniej ilo\u015bci p\u0142ytek, ale g\u0142\u00f3wnie<br \/>zaplanowaniu nowych punkt\u00f3w hydraulicznych, elektrycznych ( trzy strefy ),pomocy w<br \/>rozmieszczeniu o\u015bwietlenia, czy fachowej podpowiedzi w zakupie sprz\u0119tu, lub armatury;- ergonomia to s\u0142owo klucz w rozmieszczeniu wanny, kabiny, szafek, czy umywalek, cz\u0119sto nie<br \/>brana pod uwag\u0119 co wi\u0105\u017ce si\u0119 nie tylko z dobr\u0105 eksploatacj\u0105, ale jest \u015bci\u015ble powi\u0105zana z<br \/>komfortowym u\u017cywaniem \u0142azienki<br \/>&#8211; trzy strefy, na kt\u00f3r\u0105 dzieli si\u0119 \u0142azienka :<\/p><p><strong>Strefa 0<\/strong> &#8211; jest to wn\u0119trze wanny lub brodzika.<br \/>Dopuszczalne s\u0105 urz\u0105dzenia zasilane pr\u0105dem zmiennym (ac) 12 V lub sta\u0142ym (dc) 30 V (zasilanie z\u00a0tzw. obwod\u00f3w SELV), mog\u0105 to by\u0107 np. dysze urz\u0105dze\u0144 do hydromasa\u017cu, lub \u017ar\u00f3d\u0142a \u015bwiat\u0142a.\u00a0Wymagana jest klasa ochronno\u015bci IPX7.<\/p><p><strong>Strefa I<\/strong> &#8211; to przestrze\u0144 wyznaczona przez zewn\u0119trzne kraw\u0119dzie wanny lub brodzika, do\u00a0wysoko\u015bci 2,25 m.\u00a0Dopuszcza si\u0119 przy\u0142\u0105czone na sta\u0142e\u00a0podgrzewacze wody, pompy natryskowe, wentylatory, oprawy\u00a0o\u015bwietleniowe oraz urz\u0105dzenia zasilane napi\u0119ciem 25 V ac lub 60 V dc, pod wann\u0105 mog\u0105 znale\u017a\u0107\u00a0si\u0119 urz\u0105dzenia do hydromasa\u017cu. Wymagana jest klasa ochronno\u015bci IPX5.<\/p><p><strong>Strefa II<\/strong> &#8211; do 0,6 m od granicy strefy I, do wysoko\u015bci 2,25 m;<br \/>Dopuszczalne s\u0105 urz\u0105dzenia jak w strefie I oraz specjalne gniazda z transformatorem separacyjnym do golarek &#8211; u nas praktycznie nie spotykane. Wymagana jest klasa ochronno\u015bci IPX4.<\/p><p>W strefach 0-II nie wolno montowa\u0107 gniazd, \u0142\u0105cznik\u00f3w o\u015bwietleniowych, puszek \u0142\u0105czeniowych\u00a0itp.\u00a0Urz\u0105dzenia musz\u0105 wi\u0119c by\u0107 zamontowane na sta\u0142e. \u0141\u0105czniki i gniazda oraz zasilane z nich\u00a0urz\u0105dzenia np. pralki musz\u0105 znale\u017a\u0107 si\u0119 poza stref\u0105 II.<\/p>\t\t\t\t\t\t<\/div>\n\t\t\t\t<\/div>\n\t\t\t\t\t<\/div>\n\t\t<\/div>\n\t\t\t\t\t\t\t<\/div>\n\t\t<\/section>\n\t\t\t\t\t\t\t<\/div>\n\t\t","protected":false},"excerpt":{"rendered":"<p>\u0141azienki Czy wiedzia\u0142e\u015b, \u017ce:&#8211; zaprojektowanie \u0142azienki, to nie tylko mo\u017cliwo\u015b\u0107 zobaczenia jej w nowej szacie, ale przedewszystkim unikni\u0119cia wielu problem\u00f3w;- \u017caden architekt wn\u0119trz nie podejmie si\u0119 pracy nad projektem bez dobrze zwymiarowanegopomieszczenia, co wi\u0105\u017ce si\u0119 nie tylko z kupnem odpowiedniej ilo\u015bci p\u0142ytek, ale g\u0142\u00f3wniezaplanowaniu nowych punkt\u00f3w hydraulicznych, elektrycznych ( trzy strefy ),pomocy wrozmieszczeniu o\u015bwietlenia, czy [&hellip;]<\/p>\n","protected":false},"author":1,"featured_media":0,"parent":0,"menu_order":0,"comment_status":"closed","ping_status":"closed","template":"","meta":{"footnotes":""},"yoast_head":"<!-- This site is optimized with the Yoast SEO Premium plugin v19.7 (Yoast SEO v20.2) - https:\/\/yoast.com\/wordpress\/plugins\/seo\/ -->\n<title>\u0141azienki - JJ-remont<\/title>\n<meta name=\"robots\" content=\"index, follow, max-snippet:-1, max-image-preview:large, max-video-preview:-1\" \/>\n<link rel=\"canonical\" href=\"https:\/\/jj-remont.pl\/index.php\/lazienki\/\" \/>\n<meta property=\"og:locale\" content=\"pl_PL\" \/>\n<meta property=\"og:type\" content=\"article\" \/>\n<meta property=\"og:title\" content=\"\u0141azienki\" \/>\n<meta property=\"og:description\" content=\"\u0141azienki Czy wiedzia\u0142e\u015b, \u017ce:&#8211; zaprojektowanie \u0142azienki, to nie tylko mo\u017cliwo\u015b\u0107 zobaczenia jej w nowej szacie, ale przedewszystkim unikni\u0119cia wielu problem\u00f3w;- \u017caden architekt wn\u0119trz nie podejmie si\u0119 pracy nad projektem bez dobrze zwymiarowanegopomieszczenia, co wi\u0105\u017ce si\u0119 nie tylko z kupnem odpowiedniej ilo\u015bci p\u0142ytek, ale g\u0142\u00f3wniezaplanowaniu nowych punkt\u00f3w hydraulicznych, elektrycznych ( trzy strefy ),pomocy wrozmieszczeniu o\u015bwietlenia, czy [&hellip;]\" \/>\n<meta property=\"og:url\" content=\"https:\/\/jj-remont.pl\/index.php\/lazienki\/\" \/>\n<meta property=\"og:site_name\" content=\"JJ-remont\" \/>\n<meta property=\"article:publisher\" content=\"https:\/\/www.facebook.com\/profile.php?id=100085496440510\" \/>\n<meta property=\"article:modified_time\" content=\"2023-02-26T22:09:26+00:00\" \/>\n<meta property=\"og:image\" content=\"https:\/\/jj-remont.pl\/wp-content\/uploads\/2022\/09\/jj-remont_03-225x300.jpeg\" \/>\n<meta name=\"twitter:card\" content=\"summary_large_image\" \/>\n<meta name=\"twitter:label1\" content=\"Szacowany czas czytania\" \/>\n\t<meta name=\"twitter:data1\" content=\"2 minuty\" \/>\n<script type=\"application\/ld+json\" class=\"yoast-schema-graph\">{\"@context\":\"https:\/\/schema.org\",\"@graph\":[{\"@type\":\"WebPage\",\"@id\":\"https:\/\/jj-remont.pl\/index.php\/lazienki\/\",\"url\":\"https:\/\/jj-remont.pl\/index.php\/lazienki\/\",\"name\":\"\u0141azienki - JJ-remont\",\"isPartOf\":{\"@id\":\"https:\/\/jj-remont.pl\/#website\"},\"datePublished\":\"2023-02-26T22:05:09+00:00\",\"dateModified\":\"2023-02-26T22:09:26+00:00\",\"breadcrumb\":{\"@id\":\"https:\/\/jj-remont.pl\/index.php\/lazienki\/#breadcrumb\"},\"inLanguage\":\"pl-PL\",\"potentialAction\":[{\"@type\":\"ReadAction\",\"target\":[\"https:\/\/jj-remont.pl\/index.php\/lazienki\/\"]}]},{\"@type\":\"BreadcrumbList\",\"@id\":\"https:\/\/jj-remont.pl\/index.php\/lazienki\/#breadcrumb\",\"itemListElement\":[{\"@type\":\"ListItem\",\"position\":1,\"name\":\"Strona g??wna\",\"item\":\"https:\/\/jj-remont.pl\/\"},{\"@type\":\"ListItem\",\"position\":2,\"name\":\"\u0141azienki\"}]},{\"@type\":\"WebSite\",\"@id\":\"https:\/\/jj-remont.pl\/#website\",\"url\":\"https:\/\/jj-remont.pl\/\",\"name\":\"JJ-remont\",\"description\":\"- remonty i wyko\u0144czenia wn\u0119trz\",\"publisher\":{\"@id\":\"https:\/\/jj-remont.pl\/#organization\"},\"potentialAction\":[{\"@type\":\"SearchAction\",\"target\":{\"@type\":\"EntryPoint\",\"urlTemplate\":\"https:\/\/jj-remont.pl\/?s={search_term_string}\"},\"query-input\":\"required name=search_term_string\"}],\"inLanguage\":\"pl-PL\"},{\"@type\":\"Organization\",\"@id\":\"https:\/\/jj-remont.pl\/#organization\",\"name\":\"jj-remont.pl\",\"url\":\"https:\/\/jj-remont.pl\/\",\"logo\":{\"@type\":\"ImageObject\",\"inLanguage\":\"pl-PL\",\"@id\":\"https:\/\/jj-remont.pl\/#\/schema\/logo\/image\/\",\"url\":\"https:\/\/jj-remont.pl\/wp-content\/uploads\/2022\/08\/jj-remont-logo-v-transbckg.png\",\"contentUrl\":\"https:\/\/jj-remont.pl\/wp-content\/uploads\/2022\/08\/jj-remont-logo-v-transbckg.png\",\"width\":220,\"height\":220,\"caption\":\"jj-remont.pl\"},\"image\":{\"@id\":\"https:\/\/jj-remont.pl\/#\/schema\/logo\/image\/\"},\"sameAs\":[\"https:\/\/www.facebook.com\/profile.php?id=100085496440510\"]}]}<\/script>\n<!-- \/ Yoast SEO Premium plugin. -->","yoast_head_json":{"title":"\u0141azienki - JJ-remont","robots":{"index":"index","follow":"follow","max-snippet":"max-snippet:-1","max-image-preview":"max-image-preview:large","max-video-preview":"max-video-preview:-1"},"canonical":"https:\/\/jj-remont.pl\/index.php\/lazienki\/","og_locale":"pl_PL","og_type":"article","og_title":"\u0141azienki","og_description":"\u0141azienki Czy wiedzia\u0142e\u015b, \u017ce:&#8211; zaprojektowanie \u0142azienki, to nie tylko mo\u017cliwo\u015b\u0107 zobaczenia jej w nowej szacie, ale przedewszystkim unikni\u0119cia wielu problem\u00f3w;- \u017caden architekt wn\u0119trz nie podejmie si\u0119 pracy nad projektem bez dobrze zwymiarowanegopomieszczenia, co wi\u0105\u017ce si\u0119 nie tylko z kupnem odpowiedniej ilo\u015bci p\u0142ytek, ale g\u0142\u00f3wniezaplanowaniu nowych punkt\u00f3w hydraulicznych, elektrycznych ( trzy strefy ),pomocy wrozmieszczeniu o\u015bwietlenia, czy [&hellip;]","og_url":"https:\/\/jj-remont.pl\/index.php\/lazienki\/","og_site_name":"JJ-remont","article_publisher":"https:\/\/www.facebook.com\/profile.php?id=100085496440510","article_modified_time":"2023-02-26T22:09:26+00:00","og_image":[{"url":"https:\/\/jj-remont.pl\/wp-content\/uploads\/2022\/09\/jj-remont_03-225x300.jpeg"}],"twitter_card":"summary_large_image","twitter_misc":{"Szacowany czas czytania":"2 minuty"},"schema":{"@context":"https:\/\/schema.org","@graph":[{"@type":"WebPage","@id":"https:\/\/jj-remont.pl\/index.php\/lazienki\/","url":"https:\/\/jj-remont.pl\/index.php\/lazienki\/","name":"\u0141azienki - JJ-remont","isPartOf":{"@id":"https:\/\/jj-remont.pl\/#website"},"datePublished":"2023-02-26T22:05:09+00:00","dateModified":"2023-02-26T22:09:26+00:00","breadcrumb":{"@id":"https:\/\/jj-remont.pl\/index.php\/lazienki\/#breadcrumb"},"inLanguage":"pl-PL","potentialAction":[{"@type":"ReadAction","target":["https:\/\/jj-remont.pl\/index.php\/lazienki\/"]}]},{"@type":"BreadcrumbList","@id":"https:\/\/jj-remont.pl\/index.php\/lazienki\/#breadcrumb","itemListElement":[{"@type":"ListItem","position":1,"name":"Strona g??wna","item":"https:\/\/jj-remont.pl\/"},{"@type":"ListItem","position":2,"name":"\u0141azienki"}]},{"@type":"WebSite","@id":"https:\/\/jj-remont.pl\/#website","url":"https:\/\/jj-remont.pl\/","name":"JJ-remont","description":"- remonty i wyko\u0144czenia wn\u0119trz","publisher":{"@id":"https:\/\/jj-remont.pl\/#organization"},"potentialAction":[{"@type":"SearchAction","target":{"@type":"EntryPoint","urlTemplate":"https:\/\/jj-remont.pl\/?s={search_term_string}"},"query-input":"required name=search_term_string"}],"inLanguage":"pl-PL"},{"@type":"Organization","@id":"https:\/\/jj-remont.pl\/#organization","name":"jj-remont.pl","url":"https:\/\/jj-remont.pl\/","logo":{"@type":"ImageObject","inLanguage":"pl-PL","@id":"https:\/\/jj-remont.pl\/#\/schema\/logo\/image\/","url":"https:\/\/jj-remont.pl\/wp-content\/uploads\/2022\/08\/jj-remont-logo-v-transbckg.png","contentUrl":"https:\/\/jj-remont.pl\/wp-content\/uploads\/2022\/08\/jj-remont-logo-v-transbckg.png","width":220,"height":220,"caption":"jj-remont.pl"},"image":{"@id":"https:\/\/jj-remont.pl\/#\/schema\/logo\/image\/"},"sameAs":["https:\/\/www.facebook.com\/profile.php?id=100085496440510"]}]}},"_links":{"self":[{"href":"https:\/\/jj-remont.pl\/index.php\/wp-json\/wp\/v2\/pages\/3444"}],"collection":[{"href":"https:\/\/jj-remont.pl\/index.php\/wp-json\/wp\/v2\/pages"}],"about":[{"href":"https:\/\/jj-remont.pl\/index.php\/wp-json\/wp\/v2\/types\/page"}],"author":[{"embeddable":true,"href":"https:\/\/jj-remont.pl\/index.php\/wp-json\/wp\/v2\/users\/1"}],"replies":[{"embeddable":true,"href":"https:\/\/jj-remont.pl\/index.php\/wp-json\/wp\/v2\/comments?post=3444"}],"version-history":[{"count":5,"href":"https:\/\/jj-remont.pl\/index.php\/wp-json\/wp\/v2\/pages\/3444\/revisions"}],"predecessor-version":[{"id":3449,"href":"https:\/\/jj-remont.pl\/index.php\/wp-json\/wp\/v2\/pages\/3444\/revisions\/3449"}],"wp:attachment":[{"href":"https:\/\/jj-remont.pl\/index.php\/wp-json\/wp\/v2\/media?parent=3444"}],"curies":[{"name":"wp","href":"https:\/\/api.w.org\/{rel}","templated":true}]}}