{"id":3479,"date":"2023-02-27T01:27:04","date_gmt":"2023-02-27T00:27:04","guid":{"rendered":"https:\/\/jj-remont.pl\/?page_id=3479"},"modified":"2023-11-25T19:26:24","modified_gmt":"2023-11-25T18:26:24","slug":"tapetowanie-murale-stiuki-malowanie","status":"publish","type":"page","link":"https:\/\/jj-remont.pl\/index.php\/tapetowanie-murale-stiuki-malowanie\/","title":{"rendered":"Tapetowanie\/ Murale\/ Stiuki\/ Malowanie"},"content":{"rendered":"\t\t<div data-elementor-type=\"wp-page\" data-elementor-id=\"3479\" class=\"elementor elementor-3479\" data-elementor-post-type=\"page\">\n\t\t\t\t\t\t\t\t\t<section data-particle_enable=\"false\" data-particle-mobile-disabled=\"false\" class=\"elementor-section elementor-top-section elementor-element elementor-element-6ae12429 elementor-section-boxed elementor-section-height-default elementor-section-height-default\" data-id=\"6ae12429\" data-element_type=\"section\">\n\t\t\t\t\t\t<div class=\"elementor-container elementor-column-gap-default\">\n\t\t\t\t\t<div class=\"elementor-column elementor-col-100 elementor-top-column elementor-element elementor-element-73d85f93\" data-id=\"73d85f93\" data-element_type=\"column\">\n\t\t\t<div class=\"elementor-widget-wrap elementor-element-populated\">\n\t\t\t\t\t\t\t\t<div class=\"elementor-element elementor-element-4c5f5964 elementor-widget elementor-widget-heading\" data-id=\"4c5f5964\" data-element_type=\"widget\" data-widget_type=\"heading.default\">\n\t\t\t\t<div class=\"elementor-widget-container\">\n\t\t\t<h2 class=\"elementor-heading-title elementor-size-default\">Tapetowanie\/ Murale\/ Stiuki\/ Malowanie<\/h2>\t\t<\/div>\n\t\t\t\t<\/div>\n\t\t\t\t<div class=\"elementor-element elementor-element-1b8c12da elementor-widget-divider--view-line_icon elementor-view-default elementor-widget-divider--element-align-center elementor-widget elementor-widget-divider\" data-id=\"1b8c12da\" data-element_type=\"widget\" data-widget_type=\"divider.default\">\n\t\t\t\t<div class=\"elementor-widget-container\">\n\t\t\t\t\t<div class=\"elementor-divider\">\n\t\t\t<span class=\"elementor-divider-separator\">\n\t\t\t\t\t\t\t<div class=\"elementor-icon elementor-divider__element\">\n\t\t\t\t\t<i aria-hidden=\"true\" class=\"fas fa-square-full\"><\/i><\/div>\n\t\t\t\t\t\t<\/span>\n\t\t<\/div>\n\t\t\t\t<\/div>\n\t\t\t\t<\/div>\n\t\t\t\t\t<\/div>\n\t\t<\/div>\n\t\t\t\t\t\t\t<\/div>\n\t\t<\/section>\n\t\t\t\t<section data-particle_enable=\"false\" data-particle-mobile-disabled=\"false\" class=\"elementor-section elementor-top-section elementor-element elementor-element-684e528 elementor-section-boxed elementor-section-height-default elementor-section-height-default\" data-id=\"684e528\" data-element_type=\"section\">\n\t\t\t\t\t\t<div class=\"elementor-container elementor-column-gap-default\">\n\t\t\t\t\t<div class=\"elementor-column elementor-col-100 elementor-top-column elementor-element elementor-element-b3975ac\" data-id=\"b3975ac\" data-element_type=\"column\">\n\t\t\t<div class=\"elementor-widget-wrap elementor-element-populated\">\n\t\t\t\t\t\t\t\t<div class=\"elementor-element elementor-element-40e985f8 elementor-widget elementor-widget-text-editor\" data-id=\"40e985f8\" data-element_type=\"widget\" data-widget_type=\"text-editor.default\">\n\t\t\t\t<div class=\"elementor-widget-container\">\n\t\t\t\t\t\t\t<p><img decoding=\"async\" loading=\"lazy\" class=\"size-medium wp-image-3505 alignleft\" src=\"https:\/\/jj-remont.pl\/wp-content\/uploads\/2023\/02\/jj-remont_wejscie-3_pbl-1-225x300.jpg\" alt=\"\" width=\"225\" height=\"300\" srcset=\"https:\/\/jj-remont.pl\/wp-content\/uploads\/2023\/02\/jj-remont_wejscie-3_pbl-1-225x300.jpg 225w, https:\/\/jj-remont.pl\/wp-content\/uploads\/2023\/02\/jj-remont_wejscie-3_pbl-1.jpg 576w\" sizes=\"(max-width: 225px) 100vw, 225px\" \/>Mo\u017cemy doskonale zaaran\u017cowa\u0107 nasz dom, mieszkanie z dba\u0142o\u015bci\u0105 o detale, maj\u0105c wspania\u0142ych,<br \/>pe\u0142nych pasji ludzi, kt\u00f3rzy pomog\u0105 nam, wr\u0119cz zaprosi\u0107 nas do cudownego \u015bwiata pi\u0119knych wn\u0119trz,<br \/>lecz je\u017celi zabraknie w tym harmonii i sp\u00f3jno\u015bci, kt\u00f3r\u0105 jeste\u015bmy w stanie osi\u0105gn\u0105\u0107 poprzez<br \/>dob\u00f3r nie tylko kolor\u00f3w wn\u0119trz, ale r\u00f3wnie\u017c odcisk indywidualizmu i potrzeb klienta, to dom,<br \/>mieszkanie nie b\u0119dzie oaz\u0105 spokoju i odpoczynku, a tego szukasz i potrzebujesz, wi\u0119c\u2026<br \/>Zapraszamy Ci\u0119 do tego, aby projekt Remont Twojej Przestrzeni \u017byciowej odda\u0107 w r\u0119ce<br \/>profesjonalist\u00f3w.<br \/>Pomo\u017cemy Ci odnale\u017a\u0107 si\u0119 w tej zawi\u0142ej i skomplikowanej, aczkolwiek pi\u0119knej i przepe\u0142nionej<br \/>wieloma rado\u015bciami przygodzie zwanej re-mont, czyli zr\u00f3bmy to, spr\u00f3bujmy jeszcze raz!<\/p>\t\t\t\t\t\t<\/div>\n\t\t\t\t<\/div>\n\t\t\t\t\t<\/div>\n\t\t<\/div>\n\t\t\t\t\t\t\t<\/div>\n\t\t<\/section>\n\t\t\t\t\t\t\t<\/div>\n\t\t","protected":false},"excerpt":{"rendered":"<p>Tapetowanie\/ Murale\/ Stiuki\/ Malowanie Mo\u017cemy doskonale zaaran\u017cowa\u0107 nasz dom, mieszkanie z dba\u0142o\u015bci\u0105 o detale, maj\u0105c wspania\u0142ych,pe\u0142nych pasji ludzi, kt\u00f3rzy pomog\u0105 nam, wr\u0119cz zaprosi\u0107 nas do cudownego \u015bwiata pi\u0119knych wn\u0119trz,lecz je\u017celi zabraknie w tym harmonii i sp\u00f3jno\u015bci, kt\u00f3r\u0105 jeste\u015bmy w stanie osi\u0105gn\u0105\u0107 poprzezdob\u00f3r nie tylko kolor\u00f3w wn\u0119trz, ale r\u00f3wnie\u017c odcisk indywidualizmu i potrzeb klienta, to dom,mieszkanie [&hellip;]<\/p>\n","protected":false},"author":1,"featured_media":0,"parent":0,"menu_order":0,"comment_status":"closed","ping_status":"closed","template":"","meta":{"footnotes":""},"yoast_head":"<!-- This site is optimized with the Yoast SEO Premium plugin v19.7 (Yoast SEO v20.2) - https:\/\/yoast.com\/wordpress\/plugins\/seo\/ -->\n<title>Tapetowanie\/ Murale\/ Stiuki\/ Malowanie - JJ-remont<\/title>\n<meta name=\"robots\" content=\"index, follow, max-snippet:-1, max-image-preview:large, max-video-preview:-1\" \/>\n<link rel=\"canonical\" href=\"https:\/\/jj-remont.pl\/index.php\/tapetowanie-murale-stiuki-malowanie\/\" \/>\n<meta property=\"og:locale\" content=\"pl_PL\" \/>\n<meta property=\"og:type\" content=\"article\" \/>\n<meta property=\"og:title\" content=\"Tapetowanie\/ Murale\/ Stiuki\/ Malowanie\" \/>\n<meta property=\"og:description\" content=\"Tapetowanie\/ Murale\/ Stiuki\/ Malowanie Mo\u017cemy doskonale zaaran\u017cowa\u0107 nasz dom, mieszkanie z dba\u0142o\u015bci\u0105 o detale, maj\u0105c wspania\u0142ych,pe\u0142nych pasji ludzi, kt\u00f3rzy pomog\u0105 nam, wr\u0119cz zaprosi\u0107 nas do cudownego \u015bwiata pi\u0119knych wn\u0119trz,lecz je\u017celi zabraknie w tym harmonii i sp\u00f3jno\u015bci, kt\u00f3r\u0105 jeste\u015bmy w stanie osi\u0105gn\u0105\u0107 poprzezdob\u00f3r nie tylko kolor\u00f3w wn\u0119trz, ale r\u00f3wnie\u017c odcisk indywidualizmu i potrzeb klienta, to dom,mieszkanie [&hellip;]\" \/>\n<meta property=\"og:url\" content=\"https:\/\/jj-remont.pl\/index.php\/tapetowanie-murale-stiuki-malowanie\/\" \/>\n<meta property=\"og:site_name\" content=\"JJ-remont\" \/>\n<meta property=\"article:publisher\" content=\"https:\/\/www.facebook.com\/profile.php?id=100085496440510\" \/>\n<meta property=\"article:modified_time\" content=\"2023-11-25T18:26:24+00:00\" \/>\n<meta property=\"og:image\" content=\"https:\/\/jj-remont.pl\/wp-content\/uploads\/2023\/02\/jj-remont_wejscie-3_pbl-1-225x300.jpg\" \/>\n<meta name=\"twitter:card\" content=\"summary_large_image\" \/>\n<meta name=\"twitter:label1\" content=\"Szacowany czas czytania\" \/>\n\t<meta name=\"twitter:data1\" content=\"1 minuta\" \/>\n<script type=\"application\/ld+json\" class=\"yoast-schema-graph\">{\"@context\":\"https:\/\/schema.org\",\"@graph\":[{\"@type\":\"WebPage\",\"@id\":\"https:\/\/jj-remont.pl\/index.php\/tapetowanie-murale-stiuki-malowanie\/\",\"url\":\"https:\/\/jj-remont.pl\/index.php\/tapetowanie-murale-stiuki-malowanie\/\",\"name\":\"Tapetowanie\/ Murale\/ Stiuki\/ Malowanie - JJ-remont\",\"isPartOf\":{\"@id\":\"https:\/\/jj-remont.pl\/#website\"},\"datePublished\":\"2023-02-27T00:27:04+00:00\",\"dateModified\":\"2023-11-25T18:26:24+00:00\",\"breadcrumb\":{\"@id\":\"https:\/\/jj-remont.pl\/index.php\/tapetowanie-murale-stiuki-malowanie\/#breadcrumb\"},\"inLanguage\":\"pl-PL\",\"potentialAction\":[{\"@type\":\"ReadAction\",\"target\":[\"https:\/\/jj-remont.pl\/index.php\/tapetowanie-murale-stiuki-malowanie\/\"]}]},{\"@type\":\"BreadcrumbList\",\"@id\":\"https:\/\/jj-remont.pl\/index.php\/tapetowanie-murale-stiuki-malowanie\/#breadcrumb\",\"itemListElement\":[{\"@type\":\"ListItem\",\"position\":1,\"name\":\"Strona g??wna\",\"item\":\"https:\/\/jj-remont.pl\/\"},{\"@type\":\"ListItem\",\"position\":2,\"name\":\"Tapetowanie\/ Murale\/ Stiuki\/ Malowanie\"}]},{\"@type\":\"WebSite\",\"@id\":\"https:\/\/jj-remont.pl\/#website\",\"url\":\"https:\/\/jj-remont.pl\/\",\"name\":\"JJ-remont\",\"description\":\"- remonty i wyko\u0144czenia wn\u0119trz\",\"publisher\":{\"@id\":\"https:\/\/jj-remont.pl\/#organization\"},\"potentialAction\":[{\"@type\":\"SearchAction\",\"target\":{\"@type\":\"EntryPoint\",\"urlTemplate\":\"https:\/\/jj-remont.pl\/?s={search_term_string}\"},\"query-input\":\"required name=search_term_string\"}],\"inLanguage\":\"pl-PL\"},{\"@type\":\"Organization\",\"@id\":\"https:\/\/jj-remont.pl\/#organization\",\"name\":\"jj-remont.pl\",\"url\":\"https:\/\/jj-remont.pl\/\",\"logo\":{\"@type\":\"ImageObject\",\"inLanguage\":\"pl-PL\",\"@id\":\"https:\/\/jj-remont.pl\/#\/schema\/logo\/image\/\",\"url\":\"https:\/\/jj-remont.pl\/wp-content\/uploads\/2022\/08\/jj-remont-logo-v-transbckg.png\",\"contentUrl\":\"https:\/\/jj-remont.pl\/wp-content\/uploads\/2022\/08\/jj-remont-logo-v-transbckg.png\",\"width\":220,\"height\":220,\"caption\":\"jj-remont.pl\"},\"image\":{\"@id\":\"https:\/\/jj-remont.pl\/#\/schema\/logo\/image\/\"},\"sameAs\":[\"https:\/\/www.facebook.com\/profile.php?id=100085496440510\"]}]}<\/script>\n<!-- \/ Yoast SEO Premium plugin. -->","yoast_head_json":{"title":"Tapetowanie\/ Murale\/ Stiuki\/ Malowanie - JJ-remont","robots":{"index":"index","follow":"follow","max-snippet":"max-snippet:-1","max-image-preview":"max-image-preview:large","max-video-preview":"max-video-preview:-1"},"canonical":"https:\/\/jj-remont.pl\/index.php\/tapetowanie-murale-stiuki-malowanie\/","og_locale":"pl_PL","og_type":"article","og_title":"Tapetowanie\/ Murale\/ Stiuki\/ Malowanie","og_description":"Tapetowanie\/ Murale\/ Stiuki\/ Malowanie Mo\u017cemy doskonale zaaran\u017cowa\u0107 nasz dom, mieszkanie z dba\u0142o\u015bci\u0105 o detale, maj\u0105c wspania\u0142ych,pe\u0142nych pasji ludzi, kt\u00f3rzy pomog\u0105 nam, wr\u0119cz zaprosi\u0107 nas do cudownego \u015bwiata pi\u0119knych wn\u0119trz,lecz je\u017celi zabraknie w tym harmonii i sp\u00f3jno\u015bci, kt\u00f3r\u0105 jeste\u015bmy w stanie osi\u0105gn\u0105\u0107 poprzezdob\u00f3r nie tylko kolor\u00f3w wn\u0119trz, ale r\u00f3wnie\u017c odcisk indywidualizmu i potrzeb klienta, to dom,mieszkanie [&hellip;]","og_url":"https:\/\/jj-remont.pl\/index.php\/tapetowanie-murale-stiuki-malowanie\/","og_site_name":"JJ-remont","article_publisher":"https:\/\/www.facebook.com\/profile.php?id=100085496440510","article_modified_time":"2023-11-25T18:26:24+00:00","og_image":[{"url":"https:\/\/jj-remont.pl\/wp-content\/uploads\/2023\/02\/jj-remont_wejscie-3_pbl-1-225x300.jpg"}],"twitter_card":"summary_large_image","twitter_misc":{"Szacowany czas czytania":"1 minuta"},"schema":{"@context":"https:\/\/schema.org","@graph":[{"@type":"WebPage","@id":"https:\/\/jj-remont.pl\/index.php\/tapetowanie-murale-stiuki-malowanie\/","url":"https:\/\/jj-remont.pl\/index.php\/tapetowanie-murale-stiuki-malowanie\/","name":"Tapetowanie\/ Murale\/ Stiuki\/ Malowanie - JJ-remont","isPartOf":{"@id":"https:\/\/jj-remont.pl\/#website"},"datePublished":"2023-02-27T00:27:04+00:00","dateModified":"2023-11-25T18:26:24+00:00","breadcrumb":{"@id":"https:\/\/jj-remont.pl\/index.php\/tapetowanie-murale-stiuki-malowanie\/#breadcrumb"},"inLanguage":"pl-PL","potentialAction":[{"@type":"ReadAction","target":["https:\/\/jj-remont.pl\/index.php\/tapetowanie-murale-stiuki-malowanie\/"]}]},{"@type":"BreadcrumbList","@id":"https:\/\/jj-remont.pl\/index.php\/tapetowanie-murale-stiuki-malowanie\/#breadcrumb","itemListElement":[{"@type":"ListItem","position":1,"name":"Strona g??wna","item":"https:\/\/jj-remont.pl\/"},{"@type":"ListItem","position":2,"name":"Tapetowanie\/ Murale\/ Stiuki\/ Malowanie"}]},{"@type":"WebSite","@id":"https:\/\/jj-remont.pl\/#website","url":"https:\/\/jj-remont.pl\/","name":"JJ-remont","description":"- remonty i wyko\u0144czenia wn\u0119trz","publisher":{"@id":"https:\/\/jj-remont.pl\/#organization"},"potentialAction":[{"@type":"SearchAction","target":{"@type":"EntryPoint","urlTemplate":"https:\/\/jj-remont.pl\/?s={search_term_string}"},"query-input":"required name=search_term_string"}],"inLanguage":"pl-PL"},{"@type":"Organization","@id":"https:\/\/jj-remont.pl\/#organization","name":"jj-remont.pl","url":"https:\/\/jj-remont.pl\/","logo":{"@type":"ImageObject","inLanguage":"pl-PL","@id":"https:\/\/jj-remont.pl\/#\/schema\/logo\/image\/","url":"https:\/\/jj-remont.pl\/wp-content\/uploads\/2022\/08\/jj-remont-logo-v-transbckg.png","contentUrl":"https:\/\/jj-remont.pl\/wp-content\/uploads\/2022\/08\/jj-remont-logo-v-transbckg.png","width":220,"height":220,"caption":"jj-remont.pl"},"image":{"@id":"https:\/\/jj-remont.pl\/#\/schema\/logo\/image\/"},"sameAs":["https:\/\/www.facebook.com\/profile.php?id=100085496440510"]}]}},"_links":{"self":[{"href":"https:\/\/jj-remont.pl\/index.php\/wp-json\/wp\/v2\/pages\/3479"}],"collection":[{"href":"https:\/\/jj-remont.pl\/index.php\/wp-json\/wp\/v2\/pages"}],"about":[{"href":"https:\/\/jj-remont.pl\/index.php\/wp-json\/wp\/v2\/types\/page"}],"author":[{"embeddable":true,"href":"https:\/\/jj-remont.pl\/index.php\/wp-json\/wp\/v2\/users\/1"}],"replies":[{"embeddable":true,"href":"https:\/\/jj-remont.pl\/index.php\/wp-json\/wp\/v2\/comments?post=3479"}],"version-history":[{"count":12,"href":"https:\/\/jj-remont.pl\/index.php\/wp-json\/wp\/v2\/pages\/3479\/revisions"}],"predecessor-version":[{"id":4006,"href":"https:\/\/jj-remont.pl\/index.php\/wp-json\/wp\/v2\/pages\/3479\/revisions\/4006"}],"wp:attachment":[{"href":"https:\/\/jj-remont.pl\/index.php\/wp-json\/wp\/v2\/media?parent=3479"}],"curies":[{"name":"wp","href":"https:\/\/api.w.org\/{rel}","templated":true}]}}